. Let i = r - -158. Calculate the highest common divisor of i and 8.
8
Suppose 11*q - 131 = 3433. What is the highest common divisor of 18 and q?
18
Let z = 73 + -52. Let p = z - 21. Suppose -s + 189 = -p*s. Calculate the highest common factor of 21 and s.
21
Let b be -6*((-385)/21 + 1). Calculate the greatest common factor of b and 13.
13
Let n = 4 - 5. Let y be 14 - (3 + 1 + n). Let d(h) = h**3 - 12*h**2 + 10*h + 16. Let x be d(y). What is the highest common divisor of 1 and x?
1
Let r(j) = j**2 - 3*j - 98. Let m be r(12). Let g be 110 + -2 + 0/1. Let u = 188 - g. Calculate the highest common divisor of u and m.
10
Suppose -o - 2*n + 93 = 0, -o + 5*o - 4*n - 336 = 0. Suppose -o = -5*c + 128. Let r = c - 19. What is the greatest common divisor of r and 3?
3
Let i(p) = 2*p + 41. Let m be i(-13). Suppose -15 = 3*n, -n = -0*g - 2*g + m. Calculate the highest common divisor of g and 35.
5
Let i = -85 + 112. Let x(j) = -j + 2. Let b be x(-7). Calculate the highest common factor of b and i.
9
Let u be -8 + 7 - (3 - 196). Suppose -87 = -4*c - 3*x, 2*c = 2*x + 71 - 17. Calculate the highest common factor of c and u.
24
Suppose -861 = -292*t + 291*t. What is the highest common divisor of 21 and t?
21
Let q be (-88)/(-16) + (-2)/4. What is the highest common factor of q and 4?
1
Suppose 11 = 5*t - 9. Suppose 173 - 65 = t*y. Suppose 129*o - 133*o + 12 = 0. What is the greatest common factor of y and o?
3
Suppose -c - 2*l + 8 = -18, -2*l + 86 = 4*c. Let k be (7 - -1) + -3 + 5. Calculate the greatest common divisor of c and k.
10
Suppose -20*a = -1219 + 99. Calculate the highest common factor of a and 1204.
28
Let q = -224 - -341. Let h(v) = v**3 + 31*v**2 + 56*v - 45. Let x be h(-29). What is the greatest common divisor of q and x?
13
Let z = 303 + -138. What is the greatest common divisor of z and 75?
15
Suppose 10*v - 5*v = 40. Let k(y) be the second derivative of y**3 + y**2/2 - 4*y + 2. Let l be k(v). What is the greatest common factor of 7 and l?
7
Let g = 12 - -18. Let s = 188 + -74. Suppose 0 = -4*a + s - g. What is the highest common factor of a and 147?
21
Let j be (-32)/(-12)*9/6. Let r be ((-180)/(-25))/(j/70). Calculate the greatest common divisor of r and 18.
18
Let m = 656 + 40. What is the highest common factor of m and 24?
24
Let u = 64 + -22. Suppose -6*z - u = -474. What is the highest common divisor of 18 and z?
18
Let w = -2 - -17. What is the highest common factor of 6 and w?
3
Suppose 40 = -m + 5*m. Let n = 13 + -6. Suppose 3*w = n + 38. What is the greatest common factor of w and m?
5
Let s(z) = -z**3 + 15*z**2 - 36*z + 17. Let f be s(12). What is the greatest common factor of f and 85?
17
Suppose 0 = -5*w + 2*k + 42, 4*w - 28 = 15*k - 12*k. Let o = 12 + w. Let l = 479 - 303. What is the greatest common factor of o and l?
22
Let r be (-4 - 1)*(-1 + 2). Let d(g) = g**2 + 3*g + 7. Let s be d(r). Let w = 297 + -144. What is the highest common divisor of w and s?
17
Let u = 281 - 92. Calculate the highest common divisor of 27 and u.
27
Let c be -2 - -1 - (-5)/5. Suppose c = -3*f + 6*f - 132. Let z(m) = 4*m**2 + 3*m + 1. Let q be z(-2). What is the highest common factor of q and f?
11
Let h = 47 + -57. Let f be (-3)/5*15*h/45. What is the greatest common divisor of 22 and f?
2
Let y be (36/(-5))/((-6)/465). What is the highest common divisor of 434 and y?
62
Let g(b) = b + 1. Let m be g(6). Suppose 3*u + m*z - 2*z - 1070 = 0, -1060 = -3*u + 5*z. Suppose 4*p - u = 61. What is the highest common divisor of p and 13?
13
Let f(l) = 6*l**2 - l + 1. Let t be f(1). Let b(z) = z**2 + 11*z - 17. Let n be b(t). What is the highest common factor of 34 and n?
17
Suppose 3*p - o + 281 = 7*p, 2*p = 5*o + 135. What is the highest common factor of 50 and p?
10
Suppose p = 116 + 219. Suppose -3*c - p = -4*w, -2*c = -0*c - 6. Suppose 2*j - 10 = 0, -b + 78 = 2*j - w. What is the highest common divisor of 14 and b?
14
Let d be 42 + -50 + 1*269. What is the highest common factor of d and 9?
9
Let w(r) = 3*r + 6. Let o be w(-4). Let f be (-427)/(-13) + o/(-39). Let k = f + -21. What is the highest common factor of 12 and k?
12
Let g = 400 - 394. Calculate the greatest common factor of g and 1.
1
Let j(g) = -20*g - 116. Let o be j(-30). Calculate the highest common factor of 44 and o.
44
Let f = 0 + 5. Suppose 0 = -5*s - 6*v + 3*v + 13, 3*s = 2*v + 23. Suppose 4*q = f*k + 44, -4*q = q + s*k - 100. What is the greatest common divisor of q and 32?
16
Let f(c) = 6 - 3 + 3 - 2*c - 4. Let p be f(0). Suppose 2*q - 3*u - u = -4, -u - 8 = -p*q. What is the highest common factor of q and 12?
6
Let u be -1 - (-4 + 6)*-34. Let j = 184 - u. Suppose 5*y - 5 = n + 62, -2*n + 35 = 3*y. Calculate the greatest common factor of j and y.
13
Let q = -1870 - -2325. What is the greatest common divisor of 260 and q?
65
Let p = 946 + -935. Calculate the highest common factor of p and 77.
11
Let x be ((-8)/10)/((-56)/1260). Calculate the greatest common divisor of 102 and x.
6
Let c be 4 - -1 - (-25 + 4) - 1. Let f(m) = m**3 + 5*m**2 - m + 5. Let l be f(-5). What is the greatest common divisor of l and c?
5
Suppose -5*z - 18 - 27 = -5*y, -y - 2*z - 9 = 0. Suppose 5*g - 2 - 18 = 0. Suppose -15 = -g*x + 93. What is the highest common factor of y and x?
3
Let n = 18 + -8. Let d = -3744 + 1539. Let m be d/(-20) - 1/4. Calculate the greatest common divisor of m and n.
10
Let i(a) = 2*a**2 - 24*a - 1. Let k be i(10). Let y = k + 54. What is the greatest common factor of y and 195?
13
Suppose 4*d = 3 + 13. Let q = -3 + d. Suppose 3 = 3*l - 5*j - 1, 0 = -3*l + 3*j + 12. Calculate the greatest common divisor of l and q.
1
Let z be 5 - ((-1 - -2) + -2). Let i(h) = 34*h + 194. Let j be i(-5). What is the highest common factor of z and j?
6
Let z be 434/10 + 30/50. Suppose -2*g = -t - 8, 4*t + 26 = 3*g + 2*g. Let w = g + 9. What is the highest common factor of w and z?
11
Let y be 213/5 - 136/(-340). What is the highest common divisor of y and 1462?
43
Let g be 40/6 + (-4)/6. Suppose -42 + g = -3*n. Let q = 48 + -44. Calculate the highest common factor of n and q.
4
Suppose -12*q + 13*q = 12*q - 220. Let c be 6 + (0/(-2) - 1). Calculate the greatest common divisor of q and c.
5
Let f be (6/28*16)/(2/28). Let b = 63 - f. Calculate the greatest common factor of 15 and b.
15
Let f be 1/(1*(-1)/6). Let w be f*(-8)/(-36)*-12. Suppose -k - 3*r = -44, 3*r - 92 - w = -3*k. What is the greatest common factor of 8 and k?
8
Suppose 20 = 4*j, 4*g - 152 = 2*j + 34. Calculate the greatest common factor of g and 98.
49
Suppose -p = 4*j - 2*p - 170, -2*j - 4*p + 94 = 0. Suppose b - 16 = -3*z, z = -4*b - 4*z + j. Calculate the highest common factor of b and 28.
7
Suppose 2*g - g = -4*j + 65, -57 = -3*j + 2*g. Suppose 192 = 25*z - j*z. Calculate the greatest common divisor of 12 and z.
12
Let f(j) = -j + 18. Let m be f(7). Calculate the highest common factor of m and 1.
1
Let i = -39 + 41. Suppose -i*y - k = -81, -2*y - 6 + 81 = 3*k. What is the highest common divisor of 105 and y?
21
Let n = 291 - 273. What is the highest common divisor of n and 603?
9
Let n = 344 + -216. Let q(i) be the third derivative of -5*i**4/24 - 19*i**3/6 + 16*i**2. Let k be q(-7). Calculate the highest common divisor of n and k.
16
Let y = -123 + 207. Let l = 102 - y. What is the greatest common divisor of 18 and l?
18
Suppose -15*v + 613 = -152. What is the highest common divisor of v and 68?
17
Suppose 17*d - 680 = 12*d. Suppose -3*o = 15, 2*u - 4*o = d + 416. Calculate the greatest common divisor of u and 38.
38
Let c(p) = p**3 - 2*p**2 - 12*p + 11. Let q be c(5). What is the highest common factor of 4 and q?
2
Let u(i) = -35*i - 92. Let p be u(-4). What is the greatest common factor of p and 264?
24
Let v = -64 - -124. What is the greatest common factor of 24 and v?
12
Suppose 2*k - 11 = 1. Let o(a) = -a**2 + 14*a + 6. Let b be o(14). Calculate the highest common divisor of b and k.
6
Let r be ((-1734)/(-68))/(3/26). Calculate the greatest common divisor of 13 and r.
13
Suppose -5*j - 10*n + 7555 = -5*n, -3*j - 2*n + 4535 = 0. Calculate the highest common divisor of j and 17.
17
Let v = 233 + 53. Calculate the greatest common factor of v and 44.
22
Let b = 26 + 67. Suppose -z = -3*m + b, -6*m = -3*m + 5*z - 75. What is the high